m. List the prime factors of (1 - 3) + v + 2.
3
Suppose -2*f - 10 = -f - 2*v, f - v + 10 = 0. Let j = -13 + 9. Let g = j - f. List the prime factors of g.
2, 3
Let w be 164/14 + 4/14. Let b(n) = 3*n - 1. Let m be b(1). Suppose m*q - 6*q = -w. List the prime factors of q.
3
Let q be (0 - 0) + 0/4. Suppose -10*p + 15*p - 130 = q. List the prime factors of p.
2, 13
Let c = 33 + -23. Let k(a) = a**3 + 7*a**2 - 8*a - 6. Let q be k(-8). Let m = q + c. What are the prime factors of m?
2
Suppose 0 = -4*m - 0*m + 4*q + 204, 51 = m + 5*q. What are the prime factors of m?
3, 17
Suppose w = -4*w - 20. Let c = w + 9. List the prime factors of c.
5
Suppose 5*b - 6 = -26. Let m(a) = a**3 + 9*a**2 - a + 2. Let s be m(-9). Let w = b + s. What are the prime factors of w?
7
Suppose -5*g + 25 = 0, -3*n + 4*n - 19 = -2*g. What are the prime factors of n?
3
Suppose 15 = 2*w - 5. Let f = w + -3. What are the prime factors of f?
7
Suppose -4*w + 10 + 14 = 0. Let b = -6 + w. Suppose 10*c = -5*r + 5*c + 30, r - 2*c - 3 = b. What are the prime factors of r?
5
Let v(d) = -4*d - 2*d - d**3 - 2*d**2 - 5*d**2. Let i be v(-7). Suppose 3*c - 4*n + 7*n = 24, 0 = 5*c + 4*n - i. List the prime factors of c.
2, 5
Let i(m) = m**3 - 5*m**2 - 3*m + 7. Let h be (-31)/(-5) - 2/10. List the prime factors of i(h).
5
Suppose 0 = -3*u, 2*h + u - 100 = 6*u. What are the prime factors of (-2)/(-4) - h/(-4)?
13
Suppose 0*i + 78 = 2*i + 4*v, 3*v + 12 = 0. Suppose 5*z - i = -m, -z - m = 3*m - 17. List the prime factors of z.
3
List the prime factors of 77 - (-7 + 12/3).
2, 5
Let x(d) = -d**2 - 9*d - 10. What are the prime factors of x(-5)?
2, 5
Let s be 10 + 0/3 - 2. Suppose 0 = -u + 6 + s. List the prime factors of u.
2, 7
Suppose 3*u + 3*c - 86 = 844, -4*u - 5*c = -1235. List the prime factors of (u/10)/(3/4).
2, 3, 7
Suppose c + 0*c = -29. What are the prime factors of c/(-4) + 2/(-8)?
7
Let o = 2 + 1. Suppose 0 = -c - 2*n, 3*c + o = -3*n - 0*n. List the prime factors of ((-4)/6)/(c/30).
2, 5
Suppose 40 = 4*a - 0*a. What are the prime factors of (-63)/(-5) + a/25?
13
List the prime factors of 2*-1*(-54 + -3 + 3).
2, 3
Let q = 6 - 4. Suppose l + b - 11 = q*b, -3*b - 15 = -l. What are the prime factors of l?
3
Let q(n) = n**3 + 6*n**2 + 5. Let v be q(-6). What are the prime factors of 3*v - (-4 - -2)?
17
Suppose 4*a - 54 = 34. List the prime factors of a.
2, 11
Suppose -4*w = -9 - 27. List the prime factors of (5 - w)*(-10)/4.
2, 5
Suppose -p - 14 = -5*r, 0*p - 70 = 5*p + 5*r. What are the prime factors of 29/5 + p/(-70)?
2, 3
Let i(q) = 2*q + 9. What are the prime factors of i(0)?
3
Let p(g) = g**2 - 5*g - 6. Let m be p(6). Suppose -d = 2*v - 10, m = -d - 3*v + 5 + 6. What are the prime factors of d?
2
Suppose -q = -4*b - 11 - 11, -b = -5*q + 15. Let x = q - -4. What are the prime factors of x?
2, 3
Suppose 0 = 4*b + 2*x - 1100, 703 = 5*b - 4*x - 698. List the prime factors of b.
277
Let l(i) = -i**2 + 11*i - 14. Let w be l(10). Let t(o) = 1. Let z(c) = -2*c + 6. Let a(m) = -18*t(m) + 2*z(m). What are the prime factors of a(w)?
2, 5
Suppose -2*q + 6 = -0*q. Let i be q/3 + 2 + -1. Suppose 0 = k - 2 - i. List the prime factors of k.
2
Suppose 5*o + 22 = -3*x - 34, 0 = -5*o - 5*x - 50. Let v = o - -21. What are the prime factors of v?
2
Suppose -3*g + 73 = 10. List the prime factors of 6/g + (-234)/(-14).
17
Let g = 5 + -12. What are the prime factors of (-105)/g*4/6?
2, 5
Suppose 2*l + l + f = 42, -f + 57 = 4*l. List the prime factors of l.
3, 5
Suppose 8 = 2*d + 2*d. Let v(b) = b**2 + 4*b + 2. Let h be v(-5). List the prime factors of (6 - (d - -1)) + h.
2, 5
Suppose -3*o = -a + 138, 4*a + 117 - 678 = 3*o. Suppose 5*r - n - a = 19, 2*r - 67 = n. What are the prime factors of r?
31
Suppose -v = 4*t - 504, -t + 630 = 4*t + 2*v. What are the prime factors of t?
2, 3, 7
Let b be (-2)/(-2*3/48). Suppose 0 = 5*a + 19 + b. Let m = a - -20. What are the prime factors of m?
13
Let d = 204 + -114. What are the prime factors of d?
2, 3, 5
Suppose -u - 2*k - 10 = 23, -4*u = -3*k + 154. Let w = u + 52. What are the prime factors of w?
3, 5
Let p(h) = -h + 7. What are the prime factors of p(5)?
2
Let y(p) be the second derivative of -p**5/20 - p**4/2 - p**3/3 + 7*p**2/2 - 2*p. Let o be y(-5). List the prime factors of (o/(-6))/(2/3).
2
Suppose 90 = 2*s + x, 4*s - 2*x - 2*x = 156. List the prime factors of s.
43
List the prime factors of -5*(-8)/10 - 618/(-2).
313
Suppose -3*t = -0*t - 33. List the prime factors of t.
11
Let k(t) = -10*t**2 - 1. Let j be k(1). Suppose -4*b = 4*a - 68, b - 3*b = -5*a + 71. Let o = j + a. What are the prime factors of o?
2
Let k be -1*(-2 + 6) + -2. Let f = 67 - -14. What are the prime factors of 6/(-9)*f/k?
3
Let r be 98/5 - 2/(-5). Suppose r = -0*a + 5*a. Suppose 0*s = -5*g - a*s + 7, -2*g + 4*s = -14. What are the prime factors of g?
3
Let l(q) = 7*q + 8. Let p(i) = -i**3 + 11*i**2 - 11*i + 14. Let m be p(10). List the prime factors of l(m).
2, 3
Let o(r) = 2*r - 1. Let l be o(2). Suppose -2*q + q + 63 = 5*x, l*q + 32 = 2*x. List the prime factors of x.
13
Suppose 4*n - 112 = -32. What are the prime factors of n?
2, 5
What are the prime factors of (-309)/4*17/((-102)/16)?
2, 103
What are the prime factors of 78/(-1 - (-5)/2)?
2, 13
Suppose 0 = -3*d - 5*s - 10, 5*s - 6 = d - 16. Suppose 5*a = 2*m - m - 11, d = -a - 5*m - 23. What are the prime factors of ((-2)/a)/(1/3)?
2
Suppose 2*u - 3*u - 4 = 0. Let t be 0 + 1 + (-7 - u). What are the prime factors of 15 - 2 - (3 + t)?
2, 3
Suppose -9*i = -i - 864. List the prime factors of i.
2, 3
Suppose 3*b - 4*l - 14 = 0, 4*l = 2*b - 3 - 9. Suppose -50 = -2*f + x, -b*f = -0*x + 3*x - 42. List the prime factors of f.
2, 3
Let w = -2 + 2. Suppose -q + 27 - 7 = w. List the prime factors of q.
2, 5
Let f = -39 + 57. What are the prime factors of f?
2, 3
Let y = 5 + 1. Let s = 21 + -4. Let f = s - y. List the prime factors of f.
11
Let u(v) = v**2 + 4*v + 2. Let s be u(-4). Let r be -8*1*-4 - s. Let j = 48 - r. List the prime factors of j.
2, 3
Suppose 131 = 5*w + 41. Suppose 2 = -l - 4*h, 0*l + 4*l + 3*h = w. List the prime factors of (20/l + -3)*33.
11
Suppose -4*i = 4*n + 68, i + 5 = 8*n - 3*n. Let g = 9 - i. List the prime factors of g.
2, 3
Let z(h) be the third derivative of h**5/60 + 5*h**4/24 + 5*h**3/6 + h**2. Let p be z(-5). List the prime factors of 4*(-1 + -2 + p).
2
Let w(i) = i**2 - i - 4. Let v(q) = -q**2 + q + 4. Let z be v(0). List the prime factors of w(z).
2
Let l(o) = 2*o**2 + 2*o - 2. Let s be l(-2). Let g(y) = s*y**2 - y - y + 2*y + 2. What are the prime factors of g(-2)?
2, 5
Let i(o) = -o**3 + 11*o**2 - 9*o - 8. Let y be (15 + -5)/(2 - 1). Let a be i(y). Suppose -9 = -3*b + a*b. List the prime factors of b.
3
What are the prime factors of (-3 - 0)/(1/(-1))?
3
Suppose -l + 1 = -21. What are the prime factors of l?
2, 11
Let s(l) = -4*l**3 - 3*l**2 - l - 2. Let h be s(-2). Suppose -d + 4 = h. Let n = d - -23. List the prime factors of n.
7
Suppose 8*q - 11*q + 285 = 0. List the prime factors of q.
5, 19
Suppose q + q = 4. Let m(k) = -3 - k + 0*k - 2*k**q + 3*k**2 + 1. What are the prime factors of m(3)?
2
What are the prime factors of (-1622)/(-7) - 10/(-35)?
2, 29
Suppose 503*f - 1995 = 498*f. List the prime factors of f.
3, 7, 19
Suppose 0 = 2*o - g - 363, 5*o + 5*g = 735 + 135. What are the prime factors of o?
179
Let m = 8 + -4. List the prime factors of (6/m)/(12/112).
2, 7
List the prime factors of (1 + (-98)/(-8))/(27/108).
53
Let u(q) = 18*q. Let b be u(9). Let p be 1/(-5) - b/(-10). Suppose -3*m - p = -4*m. What are the prime factors of m?
2
Let d(z) = z**2 - 11*z + 12. Let l be d(10). Suppose 4*h + 3*v = -23, l*h + 19 = -0*h - 3*v. List the prime factors of (-42)/h + (7 - 4).
2, 3
Let v = 88 + -25. What are the prime factors of v?
3, 7
Suppose 0 = 4*u - 21 - 103. What are the prime factors of u?
31
Let t(w) be the first derivative of -3*w**3 + 1/4*w**4 - 3 + 7*w + 9/2*w**2. What are the prime factors of t(8)?
3, 5
Let f = 8 - 5. What are the prime factors of 45/12 + f/(-4)?
3
Let s = -16 - -19. What are the prime factors of s?
3
Suppose -179 = 16*v - 3731. List the prime factors of v.
2, 3, 37
Let m(z) = 2*z + 1. What are the prime factors of m(17)?
5, 7
Let n = 106 - 25. Let u = n - 34. What are the p